{"id":831,"date":"2021-12-31T13:39:04","date_gmt":"2021-12-31T12:39:04","guid":{"rendered":"http:\/\/trialong.com\/?page_id=831"},"modified":"2026-02-02T11:20:34","modified_gmt":"2026-02-02T10:20:34","slug":"inscriptions-2","status":"publish","type":"page","link":"https:\/\/trialong.com\/index.php\/inscriptions-2\/","title":{"rendered":"Inscriptions"},"content":{"rendered":"\n<div class=\"wp-block-columns are-vertically-aligned-center is-layout-flex wp-container-2\">\n<div class=\"wp-block-column is-layout-flow\"><div class=\"wp-block-image\">\n<figure class=\"aligncenter size-large\"><img decoding=\"async\" loading=\"lazy\" width=\"1024\" height=\"576\" src=\"http:\/\/trialong.com\/wp-content\/uploads\/2026\/02\/NEWSLETTER-bandeau-1024x576.png\" alt=\"\" class=\"wp-image-2268\" srcset=\"https:\/\/trialong.com\/wp-content\/uploads\/2026\/02\/NEWSLETTER-bandeau-1024x576.png 1024w, https:\/\/trialong.com\/wp-content\/uploads\/2026\/02\/NEWSLETTER-bandeau-300x169.png 300w, https:\/\/trialong.com\/wp-content\/uploads\/2026\/02\/NEWSLETTER-bandeau-768x432.png 768w, https:\/\/trialong.com\/wp-content\/uploads\/2026\/02\/NEWSLETTER-bandeau-1536x864.png 1536w, https:\/\/trialong.com\/wp-content\/uploads\/2026\/02\/NEWSLETTER-bandeau.png 1920w\" sizes=\"(max-width: 1024px) 100vw, 1024px\" \/><\/figure><\/div><\/div>\n<\/div>\n\n\n\n<div class=\"wp-block-buttons is-content-justification-center is-layout-flex wp-container-3\">\n<div class=\"wp-block-button has-custom-font-size has-medium-font-size\"><a class=\"wp-block-button__link has-background wp-element-button\" href=\"https:\/\/in.inscriptions-tiel.com\/trialong-20261768231081406?currentPage=select-competition\" style=\"border-radius:21px;background-color:#d61b1b\">Je m&#8217;inscris !<\/a><\/div>\n<\/div>\n\n\n\n<p><\/p>\n\n\n\n<p><strong>Profitez de nos diff\u00e9rentes \u00e9preuves !<\/strong><\/p>\n\n\n\n<p>Nous avons des d\u00e9fis pour tous les niveaux : des formats fun et accessibles, jusqu\u2019\u00e0 ceux qui veulent repousser leurs limites. L\u2019\u00e9v\u00e9nement se d\u00e9roule sur deux journ\u00e9es :<\/p>\n\n\n\n<p>\ud83d\uddd3\ufe0f Samedi : Une journ\u00e9e d\u00e9di\u00e9e aux jeunes et aux adultes, avec diff\u00e9rentes distances sur notre CrossTri.  D\u00e9butants et confirm\u00e9s sont les bienvenus : fun et d\u00e9fi au programme !<\/p>\n\n\n\n<p>\u26a0\ufe0f <strong>Important : VTT obligatoire pour toutes les \u00e9preuves du samedi.<\/strong><\/p>\n\n\n\n<p>\ud83d\uddd3\ufe0f Dimanche : place aux \u00e9preuves classiques<br>Avec une distance Olympique et une longue distance : le grand d\u00e9fi du week-end !<\/p>\n\n\n\n<p><\/p>\n\n\n\n<p class=\"has-medium-font-size\"><strong>TARIFS<\/strong> : <\/p>\n\n\n\n<figure id=\"footable_5224\" class=\"wp-block-table is-style-stripes animated bounceInUp\"><table><thead><tr><th scope=\"col\">Tarifs<\/th><th class=\"has-text-align-center\" data-align=\"center\" scope=\"col\">Trialong (L)<\/th><th class=\"has-text-align-center\" data-align=\"center\">Triacourt (M)<\/th><th class=\"has-text-align-center\" data-align=\"center\">    S (Adulte)<\/th><th class=\"has-text-align-center\" data-align=\"center\" scope=\"col\">     XXS (Adulte)     <\/th><th class=\"has-text-align-center\" data-align=\"center\">Jeunes<\/th><\/tr><\/thead><tbody><tr><td>Tarifs pr\u00e9f\u00e9rentiels 1<br>(avant le 15\/04)<\/td><td class=\"has-text-align-center\" data-align=\"center\">100 \u20ac<\/td><td class=\"has-text-align-center\" data-align=\"center\">40 \u20ac<\/td><td class=\"has-text-align-center\" data-align=\"center\">20 \u20ac<\/td><td class=\"has-text-align-center\" data-align=\"center\">15 \u20ac<\/td><td class=\"has-text-align-center\" data-align=\"center\">4 \u20ac<\/td><\/tr><tr><td>Tarifs pr\u00e9f\u00e9rentiels 2<br>(avant le 15\/06)<\/td><td class=\"has-text-align-center\" data-align=\"center\">120 \u20ac<\/td><td class=\"has-text-align-center\" data-align=\"center\">50 \u20ac<\/td><td class=\"has-text-align-center\" data-align=\"center\">20 \u20ac<\/td><td class=\"has-text-align-center\" data-align=\"center\">15 \u20ac<\/td><td class=\"has-text-align-center\" data-align=\"center\">4 \u20ac<\/td><\/tr><tr><td>Derniers tarifs<br>(apr\u00e8s le 15\/06)<\/td><td class=\"has-text-align-center\" data-align=\"center\">145 \u20ac<\/td><td class=\"has-text-align-center\" data-align=\"center\">65 \u20ac<\/td><td class=\"has-text-align-center\" data-align=\"center\">20 \u20ac<\/td><td class=\"has-text-align-center\" data-align=\"center\">15 \u20ac<\/td><td class=\"has-text-align-center\" data-align=\"center\">4 \u20ac<\/td><\/tr><\/tbody><\/table><\/figure>\n\n\n\n<p>Pour plus de d\u00e9tails sur chaque \u00e9preuve, toutes les informations sont<strong> <a href=\"https:\/\/trialong.com\/index.php\/courses\/\" data-type=\"URL\" data-id=\"https:\/\/trialong.com\/index.php\/courses\/\">ici<\/a> <\/strong><\/p>\n\n\n\n<p><\/p>\n","protected":false},"excerpt":{"rendered":"<p>Profitez de nos diff\u00e9rentes \u00e9preuves ! Nous avons des d\u00e9fis pour tous les niveaux : des formats fun et accessibles, jusqu\u2019\u00e0 ceux qui veulent repousser leurs limites. L\u2019\u00e9v\u00e9nement se d\u00e9roule sur deux journ\u00e9es : \ud83d\uddd3\ufe0f Samedi : Une journ\u00e9e d\u00e9di\u00e9e aux jeunes et aux adultes, avec diff\u00e9rentes distances sur notre CrossTri. D\u00e9butants et confirm\u00e9s sont&hellip;&nbsp;<a href=\"https:\/\/trialong.com\/index.php\/inscriptions-2\/\" rel=\"bookmark\">Lire la suite &raquo;<span class=\"screen-reader-text\">Inscriptions<\/span><\/a><\/p>\n","protected":false},"author":7,"featured_media":0,"parent":0,"menu_order":0,"comment_status":"closed","ping_status":"closed","template":"","meta":{"neve_meta_sidebar":"","neve_meta_container":"","neve_meta_enable_content_width":"","neve_meta_content_width":0,"neve_meta_title_alignment":"","neve_meta_author_avatar":"","neve_post_elements_order":"","neve_meta_disable_header":"","neve_meta_disable_footer":"","neve_meta_disable_title":"on","_themeisle_gutenberg_block_has_review":false,"_ti_tpc_template_sync":false,"_ti_tpc_template_id":""},"_links":{"self":[{"href":"https:\/\/trialong.com\/index.php\/wp-json\/wp\/v2\/pages\/831"}],"collection":[{"href":"https:\/\/trialong.com\/index.php\/wp-json\/wp\/v2\/pages"}],"about":[{"href":"https:\/\/trialong.com\/index.php\/wp-json\/wp\/v2\/types\/page"}],"author":[{"embeddable":true,"href":"https:\/\/trialong.com\/index.php\/wp-json\/wp\/v2\/users\/7"}],"replies":[{"embeddable":true,"href":"https:\/\/trialong.com\/index.php\/wp-json\/wp\/v2\/comments?post=831"}],"version-history":[{"count":80,"href":"https:\/\/trialong.com\/index.php\/wp-json\/wp\/v2\/pages\/831\/revisions"}],"predecessor-version":[{"id":2275,"href":"https:\/\/trialong.com\/index.php\/wp-json\/wp\/v2\/pages\/831\/revisions\/2275"}],"wp:attachment":[{"href":"https:\/\/trialong.com\/index.php\/wp-json\/wp\/v2\/media?parent=831"}],"curies":[{"name":"wp","href":"https:\/\/api.w.org\/{rel}","templated":true}]}}