{"id":36,"date":"2021-12-23T14:29:07","date_gmt":"2021-12-23T13:29:07","guid":{"rendered":"http:\/\/trialong.com\/?page_id=36"},"modified":"2022-09-08T09:02:01","modified_gmt":"2022-09-08T07:02:01","slug":"acces-au-site","status":"publish","type":"page","link":"https:\/\/trialong.com\/index.php\/acces-au-site\/","title":{"rendered":"Acc\u00e8s au site"},"content":{"rendered":"\n<div class=\"wp-block-group\"><div class=\"wp-block-group__inner-container is-layout-flow\">\n<p class=\"has-text-align-center\"><span class=\"has-inline-color has-luminous-vivid-orange-color\"><strong>Comment acc\u00e9der \u00e0 l&#8217;\u00eele de loisirs de Bois-le-Roi ?<\/strong><\/span><\/p>\n<\/div><\/div>\n\n\n\n<p class=\"has-text-align-left\"><img decoding=\"async\" loading=\"lazy\" width=\"512\" height=\"512\" class=\"wp-image-80\" style=\"width: 35px;\" src=\"http:\/\/trialong.com\/wp-content\/uploads\/2021\/12\/26a1bf9442248c88b30cb895b24cc459.png\" alt=\"\" srcset=\"https:\/\/trialong.com\/wp-content\/uploads\/2021\/12\/26a1bf9442248c88b30cb895b24cc459.png 512w, https:\/\/trialong.com\/wp-content\/uploads\/2021\/12\/26a1bf9442248c88b30cb895b24cc459-300x300.png 300w, https:\/\/trialong.com\/wp-content\/uploads\/2021\/12\/26a1bf9442248c88b30cb895b24cc459-150x150.png 150w\" sizes=\"(max-width: 512px) 100vw, 512px\" \/><strong>Rue de Tournezy, 77590 Bois-le-Roi | 48.481805, 2.747072<\/strong><\/p>\n\n\n\n<p class=\"has-text-align-left\">\u25cf Le plan ci-dessous, vous permettra de visualiser plus pr\u00e9cis\u00e9ment l&#8217;emplacement de cette \u00eele de loisirs : <\/p>\n\n\n<p style=\"text-align: center;\"><iframe loading=\"lazy\" style=\"border: 0;\" src=\"https:\/\/www.google.com\/maps\/embed?pb=!1m18!1m12!1m3!1d12580.023252305311!2d2.7148410994565095!3d48.4829231536814!2m3!1f0!2f0!3f0!3m2!1i1024!2i768!4f13.1!3m3!1m2!1s0x47e5f6ddd09831fb%3A0x5d3b0e7ef300d774!2sIle%20de%20Loisirs%20de%20Bois-le-Roi!5e0!3m2!1sfr!2sfr!4v1640269907866!5m2!1sfr!2sfr\" width=\"600\" height=\"450\" allowfullscreen=\"allowfullscreen\"><\/iframe><\/p>\n\n\n<p><span class=\"has-inline-color has-luminous-vivid-orange-color\"><strong>EN TRANSPORT EN COMMUN : <\/strong><\/span><\/p>\n\n\n\n<p class=\"has-text-align-left\"> \u25cf L\u2019arr\u00eat le plus proche de l\u2019\u00eele de loisir, est la gare de Bois-le-Roi desservie par la ligne transilien R.<\/p>\n\n\n\n<p>\u25cf Retrouvez <a href=\"https:\/\/www.transilien.com\/fr\/horaires\/prochains-departs\/?departure=Paris+Gare+de+Lyon&amp;uicDeparture=8768603&amp;prm=false&amp;uicArrival=8768220&amp;arrival=Bois-le-Roi\">les horaires<\/a> et le plan de la <a href=\"https:\/\/www.transilien.com\/fr\/page-lignes\/ligne-r\">ligne<\/a> en cliquant sur les liens.<\/p>\n\n\n\n<p>\u25cf Une fois \u00e0 l\u2019arr\u00eat Gare de Bois-le-Roi, vous avez environ 25 minutes de marche en suivant les fl\u00e8ches UCPA afin de vous rendre \u00e0 l\u2019\u00eele de loisir. Vous trouverez le plan ci-dessous : <\/p>\n\n\n\n<div class=\"wp-block-image\"><figure class=\"aligncenter size-large\"><img decoding=\"async\" loading=\"lazy\" width=\"557\" height=\"375\" src=\"http:\/\/trialong.com\/wp-content\/uploads\/2021\/12\/Plan-Gare-Ile-de-loisir-de-Bois-le-Roi-.png\" alt=\"\" class=\"wp-image-86\" srcset=\"https:\/\/trialong.com\/wp-content\/uploads\/2021\/12\/Plan-Gare-Ile-de-loisir-de-Bois-le-Roi-.png 557w, https:\/\/trialong.com\/wp-content\/uploads\/2021\/12\/Plan-Gare-Ile-de-loisir-de-Bois-le-Roi--300x202.png 300w\" sizes=\"(max-width: 557px) 100vw, 557px\" \/><figcaption>Itin\u00e9raire de la Gare de Bois-le-Roi jusqu&#8217;\u00e0 l&#8217;\u00eele de loisirs \u00e0 pied<\/figcaption><\/figure><\/div>\n\n\n\n<p class=\"has-text-align-left\"><strong><span class=\"has-inline-color has-luminous-vivid-orange-color\">EN VOITURE : <\/span><\/strong><\/p>\n\n\n\n<p class=\"has-text-align-left\">\u25cf La base est accessible par la route d\u00e9partemental D116 via Fontaine le Port. Il faut ensuite prendre la route de l\u2019Ermitage (Fontainebleau 77300) pour rentrer sur la base de loisirs c\u00f4t\u00e9 Golf. <\/p>\n\n\n\n<p>\u25cf La base est \u00e9galement accessible par la route d\u00e9partemental D606 via Fontainebleau. Il faut ensuite prendre la route de l\u2019Ermitage (Fontainebleau 77300) pour rentrer sur la base de loisirs c\u00f4t\u00e9 Golf. \u26a0\ufe0f Pas d&#8217;acc\u00e8s c\u00f4t\u00e9 ouest de la base de loisirs en provenance de Bois-le-roi.<\/p>\n\n\n\n<p>\u25cf Si vous empruntez ces itin\u00e9raires pour vous rendre \u00e0 l&#8217;\u00eele de loisirs, vous trouverez le plan d&#8217;acc\u00e8s ci-dessous :<\/p>\n\n\n\n<div class=\"wp-block-image\"><figure class=\"aligncenter size-large\"><img decoding=\"async\" loading=\"lazy\" width=\"557\" height=\"375\" src=\"http:\/\/trialong.com\/wp-content\/uploads\/2021\/12\/plan-dacces-.png\" alt=\"\" class=\"wp-image-87\" srcset=\"https:\/\/trialong.com\/wp-content\/uploads\/2021\/12\/plan-dacces-.png 557w, https:\/\/trialong.com\/wp-content\/uploads\/2021\/12\/plan-dacces--300x202.png 300w\" sizes=\"(max-width: 557px) 100vw, 557px\" \/><figcaption>Plan d&#8217;acc\u00e8s de l&#8217;\u00eele de loisirs de Bois-le-Roi<\/figcaption><\/figure><\/div>\n","protected":false},"excerpt":{"rendered":"<p>Comment acc\u00e9der \u00e0 l&#8217;\u00eele de loisirs de Bois-le-Roi ? Rue de Tournezy, 77590 Bois-le-Roi | 48.481805, 2.747072 \u25cf Le plan ci-dessous, vous permettra de visualiser plus pr\u00e9cis\u00e9ment l&#8217;emplacement de cette \u00eele de loisirs : EN TRANSPORT EN COMMUN : \u25cf L\u2019arr\u00eat le plus proche de l\u2019\u00eele de loisir, est la gare de Bois-le-Roi desservie par&hellip;&nbsp;<a href=\"https:\/\/trialong.com\/index.php\/acces-au-site\/\" rel=\"bookmark\">Lire la suite &raquo;<span class=\"screen-reader-text\">Acc\u00e8s au site<\/span><\/a><\/p>\n","protected":false},"author":2,"featured_media":0,"parent":0,"menu_order":0,"comment_status":"closed","ping_status":"closed","template":"","meta":{"neve_meta_sidebar":"","neve_meta_container":"","neve_meta_enable_content_width":"","neve_meta_content_width":0,"neve_meta_title_alignment":"","neve_meta_author_avatar":"","neve_post_elements_order":"","neve_meta_disable_header":"","neve_meta_disable_footer":"","neve_meta_disable_title":"","_themeisle_gutenberg_block_has_review":false,"_ti_tpc_template_sync":false,"_ti_tpc_template_id":""},"_links":{"self":[{"href":"https:\/\/trialong.com\/index.php\/wp-json\/wp\/v2\/pages\/36"}],"collection":[{"href":"https:\/\/trialong.com\/index.php\/wp-json\/wp\/v2\/pages"}],"about":[{"href":"https:\/\/trialong.com\/index.php\/wp-json\/wp\/v2\/types\/page"}],"author":[{"embeddable":true,"href":"https:\/\/trialong.com\/index.php\/wp-json\/wp\/v2\/users\/2"}],"replies":[{"embeddable":true,"href":"https:\/\/trialong.com\/index.php\/wp-json\/wp\/v2\/comments?post=36"}],"version-history":[{"count":22,"href":"https:\/\/trialong.com\/index.php\/wp-json\/wp\/v2\/pages\/36\/revisions"}],"predecessor-version":[{"id":1217,"href":"https:\/\/trialong.com\/index.php\/wp-json\/wp\/v2\/pages\/36\/revisions\/1217"}],"wp:attachment":[{"href":"https:\/\/trialong.com\/index.php\/wp-json\/wp\/v2\/media?parent=36"}],"curies":[{"name":"wp","href":"https:\/\/api.w.org\/{rel}","templated":true}]}}