{"id":1461,"date":"2023-09-13T11:51:55","date_gmt":"2023-09-13T09:51:55","guid":{"rendered":"https:\/\/trialong.com\/?page_id=1461"},"modified":"2023-09-26T17:29:49","modified_gmt":"2023-09-26T15:29:49","slug":"2023-2","status":"publish","type":"page","link":"https:\/\/trialong.com\/index.php\/2023-2\/","title":{"rendered":"2023"},"content":{"rendered":"\n<p>Retrouvez ici <a href=\"https:\/\/photos.app.goo.gl\/rvHF724jyzibQsL6A\">l&#8217;int\u00e9gralit\u00e9 des photos<\/a> de l&#8217;\u00e9dition 2023<\/p>\n\n\n\n<figure class=\"wp-block-gallery has-nested-images columns-default is-cropped wp-block-gallery-1 is-layout-flex\">\n<figure class=\"wp-block-image size-large\"><img decoding=\"async\" loading=\"lazy\" width=\"1024\" height=\"683\" data-id=\"1472\"  src=\"https:\/\/trialong.com\/wp-content\/uploads\/2023\/09\/IMG_7365-1024x683.jpeg\" alt=\"\" class=\"wp-image-1472\" srcset=\"https:\/\/trialong.com\/wp-content\/uploads\/2023\/09\/IMG_7365-1024x683.jpeg 1024w, https:\/\/trialong.com\/wp-content\/uploads\/2023\/09\/IMG_7365-300x200.jpeg 300w, https:\/\/trialong.com\/wp-content\/uploads\/2023\/09\/IMG_7365-768x512.jpeg 768w, https:\/\/trialong.com\/wp-content\/uploads\/2023\/09\/IMG_7365-1536x1024.jpeg 1536w, https:\/\/trialong.com\/wp-content\/uploads\/2023\/09\/IMG_7365-2048x1365.jpeg 2048w, https:\/\/trialong.com\/wp-content\/uploads\/2023\/09\/IMG_7365-930x620.jpeg 930w\" sizes=\"(max-width: 1024px) 100vw, 1024px\" \/><\/figure>\n\n\n\n<figure class=\"wp-block-image size-large\"><img decoding=\"async\" loading=\"lazy\" width=\"1024\" height=\"683\" data-id=\"1473\"  src=\"https:\/\/trialong.com\/wp-content\/uploads\/2023\/09\/IMG_7366-1024x683.jpeg\" alt=\"\" class=\"wp-image-1473\" srcset=\"https:\/\/trialong.com\/wp-content\/uploads\/2023\/09\/IMG_7366-1024x683.jpeg 1024w, https:\/\/trialong.com\/wp-content\/uploads\/2023\/09\/IMG_7366-300x200.jpeg 300w, https:\/\/trialong.com\/wp-content\/uploads\/2023\/09\/IMG_7366-768x512.jpeg 768w, https:\/\/trialong.com\/wp-content\/uploads\/2023\/09\/IMG_7366-1536x1024.jpeg 1536w, https:\/\/trialong.com\/wp-content\/uploads\/2023\/09\/IMG_7366-2048x1365.jpeg 2048w, https:\/\/trialong.com\/wp-content\/uploads\/2023\/09\/IMG_7366-930x620.jpeg 930w\" sizes=\"(max-width: 1024px) 100vw, 1024px\" \/><\/figure>\n\n\n\n<figure class=\"wp-block-image size-large\"><img decoding=\"async\" loading=\"lazy\" width=\"1024\" height=\"683\" data-id=\"1474\"  src=\"https:\/\/trialong.com\/wp-content\/uploads\/2023\/09\/IMG_7371-1-1024x683.jpeg\" alt=\"\" class=\"wp-image-1474\" srcset=\"https:\/\/trialong.com\/wp-content\/uploads\/2023\/09\/IMG_7371-1-1024x683.jpeg 1024w, https:\/\/trialong.com\/wp-content\/uploads\/2023\/09\/IMG_7371-1-300x200.jpeg 300w, https:\/\/trialong.com\/wp-content\/uploads\/2023\/09\/IMG_7371-1-768x512.jpeg 768w, https:\/\/trialong.com\/wp-content\/uploads\/2023\/09\/IMG_7371-1-1536x1024.jpeg 1536w, https:\/\/trialong.com\/wp-content\/uploads\/2023\/09\/IMG_7371-1-2048x1365.jpeg 2048w, https:\/\/trialong.com\/wp-content\/uploads\/2023\/09\/IMG_7371-1-930x620.jpeg 930w\" sizes=\"(max-width: 1024px) 100vw, 1024px\" \/><\/figure>\n\n\n\n<figure class=\"wp-block-image size-large\"><img decoding=\"async\" loading=\"lazy\" width=\"1024\" height=\"683\" data-id=\"1475\"  src=\"https:\/\/trialong.com\/wp-content\/uploads\/2023\/09\/IMG_6944-1-1024x683.jpeg\" alt=\"\" class=\"wp-image-1475\" srcset=\"https:\/\/trialong.com\/wp-content\/uploads\/2023\/09\/IMG_6944-1-1024x683.jpeg 1024w, https:\/\/trialong.com\/wp-content\/uploads\/2023\/09\/IMG_6944-1-300x200.jpeg 300w, https:\/\/trialong.com\/wp-content\/uploads\/2023\/09\/IMG_6944-1-768x512.jpeg 768w, https:\/\/trialong.com\/wp-content\/uploads\/2023\/09\/IMG_6944-1-1536x1024.jpeg 1536w, https:\/\/trialong.com\/wp-content\/uploads\/2023\/09\/IMG_6944-1-2048x1365.jpeg 2048w, https:\/\/trialong.com\/wp-content\/uploads\/2023\/09\/IMG_6944-1-930x620.jpeg 930w\" sizes=\"(max-width: 1024px) 100vw, 1024px\" \/><\/figure>\n\n\n\n<figure class=\"wp-block-image size-large\"><img decoding=\"async\" loading=\"lazy\" width=\"1024\" height=\"683\" data-id=\"1476\"  src=\"https:\/\/trialong.com\/wp-content\/uploads\/2023\/09\/IMG_6906-1024x683.jpeg\" alt=\"\" class=\"wp-image-1476\" srcset=\"https:\/\/trialong.com\/wp-content\/uploads\/2023\/09\/IMG_6906-1024x683.jpeg 1024w, https:\/\/trialong.com\/wp-content\/uploads\/2023\/09\/IMG_6906-300x200.jpeg 300w, https:\/\/trialong.com\/wp-content\/uploads\/2023\/09\/IMG_6906-768x512.jpeg 768w, https:\/\/trialong.com\/wp-content\/uploads\/2023\/09\/IMG_6906-1536x1024.jpeg 1536w, https:\/\/trialong.com\/wp-content\/uploads\/2023\/09\/IMG_6906-2048x1365.jpeg 2048w, https:\/\/trialong.com\/wp-content\/uploads\/2023\/09\/IMG_6906-930x620.jpeg 930w\" sizes=\"(max-width: 1024px) 100vw, 1024px\" \/><\/figure>\n\n\n\n<figure class=\"wp-block-image size-large\"><img decoding=\"async\" loading=\"lazy\" width=\"1024\" height=\"683\" data-id=\"1470\"  src=\"https:\/\/trialong.com\/wp-content\/uploads\/2023\/09\/IMG_6918-1024x683.jpeg\" alt=\"\" class=\"wp-image-1470\" srcset=\"https:\/\/trialong.com\/wp-content\/uploads\/2023\/09\/IMG_6918-1024x683.jpeg 1024w, https:\/\/trialong.com\/wp-content\/uploads\/2023\/09\/IMG_6918-300x200.jpeg 300w, https:\/\/trialong.com\/wp-content\/uploads\/2023\/09\/IMG_6918-768x512.jpeg 768w, https:\/\/trialong.com\/wp-content\/uploads\/2023\/09\/IMG_6918-1536x1024.jpeg 1536w, https:\/\/trialong.com\/wp-content\/uploads\/2023\/09\/IMG_6918-2048x1365.jpeg 2048w, https:\/\/trialong.com\/wp-content\/uploads\/2023\/09\/IMG_6918-930x620.jpeg 930w\" sizes=\"(max-width: 1024px) 100vw, 1024px\" \/><\/figure>\n\n\n\n<figure class=\"wp-block-image size-large\"><img decoding=\"async\" loading=\"lazy\" width=\"1024\" height=\"683\" data-id=\"1462\"  src=\"https:\/\/trialong.com\/wp-content\/uploads\/2023\/09\/IMG_6921-1024x683.jpeg\" alt=\"\" class=\"wp-image-1462\" srcset=\"https:\/\/trialong.com\/wp-content\/uploads\/2023\/09\/IMG_6921-1024x683.jpeg 1024w, https:\/\/trialong.com\/wp-content\/uploads\/2023\/09\/IMG_6921-300x200.jpeg 300w, https:\/\/trialong.com\/wp-content\/uploads\/2023\/09\/IMG_6921-768x512.jpeg 768w, https:\/\/trialong.com\/wp-content\/uploads\/2023\/09\/IMG_6921-1536x1024.jpeg 1536w, https:\/\/trialong.com\/wp-content\/uploads\/2023\/09\/IMG_6921-2048x1365.jpeg 2048w, https:\/\/trialong.com\/wp-content\/uploads\/2023\/09\/IMG_6921-930x620.jpeg 930w\" sizes=\"(max-width: 1024px) 100vw, 1024px\" \/><\/figure>\n\n\n\n<figure class=\"wp-block-image size-large\"><img decoding=\"async\" loading=\"lazy\" width=\"1024\" height=\"683\" data-id=\"1468\"  src=\"https:\/\/trialong.com\/wp-content\/uploads\/2023\/09\/IMG_6927-1024x683.jpeg\" alt=\"\" class=\"wp-image-1468\" srcset=\"https:\/\/trialong.com\/wp-content\/uploads\/2023\/09\/IMG_6927-1024x683.jpeg 1024w, https:\/\/trialong.com\/wp-content\/uploads\/2023\/09\/IMG_6927-300x200.jpeg 300w, https:\/\/trialong.com\/wp-content\/uploads\/2023\/09\/IMG_6927-768x512.jpeg 768w\" sizes=\"(max-width: 1024px) 100vw, 1024px\" \/><\/figure>\n\n\n\n<figure class=\"wp-block-image size-large\"><img decoding=\"async\" data-id=\"1466\"  src=\"https:\/\/trialong.com\/wp-content\/uploads\/2023\/09\/IMG_7371.jpeg\" alt=\"\" class=\"wp-image-1466\"\/><\/figure>\n\n\n\n<figure class=\"wp-block-image size-large\"><img decoding=\"async\" data-id=\"1467\"  src=\"https:\/\/trialong.com\/wp-content\/uploads\/2023\/09\/IMG_6931.jpeg\" alt=\"\" class=\"wp-image-1467\"\/><\/figure>\n\n\n\n<figure class=\"wp-block-image size-large\"><img decoding=\"async\" data-id=\"1465\"  src=\"https:\/\/trialong.com\/wp-content\/uploads\/2023\/09\/IMG_6935.jpeg\" alt=\"\" class=\"wp-image-1465\"\/><\/figure>\n<\/figure>\n","protected":false},"excerpt":{"rendered":"<p>Retrouvez ici l&#8217;int\u00e9gralit\u00e9 des photos de l&#8217;\u00e9dition 2023<\/p>\n","protected":false},"author":6,"featured_media":0,"parent":0,"menu_order":0,"comment_status":"closed","ping_status":"closed","template":"","meta":{"neve_meta_sidebar":"","neve_meta_container":"","neve_meta_enable_content_width":"","neve_meta_content_width":0,"neve_meta_title_alignment":"","neve_meta_author_avatar":"","neve_post_elements_order":"","neve_meta_disable_header":"","neve_meta_disable_footer":"","neve_meta_disable_title":"","_themeisle_gutenberg_block_has_review":false,"_ti_tpc_template_sync":false,"_ti_tpc_template_id":""},"_links":{"self":[{"href":"https:\/\/trialong.com\/index.php\/wp-json\/wp\/v2\/pages\/1461"}],"collection":[{"href":"https:\/\/trialong.com\/index.php\/wp-json\/wp\/v2\/pages"}],"about":[{"href":"https:\/\/trialong.com\/index.php\/wp-json\/wp\/v2\/types\/page"}],"author":[{"embeddable":true,"href":"https:\/\/trialong.com\/index.php\/wp-json\/wp\/v2\/users\/6"}],"replies":[{"embeddable":true,"href":"https:\/\/trialong.com\/index.php\/wp-json\/wp\/v2\/comments?post=1461"}],"version-history":[{"count":3,"href":"https:\/\/trialong.com\/index.php\/wp-json\/wp\/v2\/pages\/1461\/revisions"}],"predecessor-version":[{"id":1513,"href":"https:\/\/trialong.com\/index.php\/wp-json\/wp\/v2\/pages\/1461\/revisions\/1513"}],"wp:attachment":[{"href":"https:\/\/trialong.com\/index.php\/wp-json\/wp\/v2\/media?parent=1461"}],"curies":[{"name":"wp","href":"https:\/\/api.w.org\/{rel}","templated":true}]}}